{"id":418,"date":"2021-05-03T15:50:01","date_gmt":"2021-05-03T13:50:01","guid":{"rendered":"https:\/\/baywatch.bar\/badhonnef\/?page_id=418"},"modified":"2025-08-16T22:30:34","modified_gmt":"2025-08-16T20:30:34","slug":"home","status":"publish","type":"page","link":"https:\/\/baywatch.bar\/badhonnef\/","title":{"rendered":"Home"},"content":{"rendered":"\n<div id=\"wp-block-themeisle-blocks-advanced-columns-d6c31976\" class=\"wp-block-themeisle-blocks-advanced-columns alignfull has-1-columns has-desktop-equal-layout has-tablet-equal-layout has-mobile-equal-layout has-vertical-unset\"><div class=\"wp-block-themeisle-blocks-advanced-columns-overlay\"><\/div><div class=\"innerblocks-wrap\">\n<div id=\"wp-block-themeisle-blocks-advanced-column-8c100053\" class=\"wp-block-themeisle-blocks-advanced-column\">\n<div class=\"wp-block-image\"><figure class=\"aligncenter size-large is-resized\"><img src=\"https:\/\/baywatch.bar\/badhonnef\/wp-content\/uploads\/2021\/05\/Logo_weiss-1024x492.png\" alt=\"\" class=\"wp-image-526\" width=\"400\" srcset=\"https:\/\/baywatch.bar\/badhonnef\/wp-content\/uploads\/2021\/05\/Logo_weiss-1024x492.png 1024w, https:\/\/baywatch.bar\/badhonnef\/wp-content\/uploads\/2021\/05\/Logo_weiss-300x144.png 300w, https:\/\/baywatch.bar\/badhonnef\/wp-content\/uploads\/2021\/05\/Logo_weiss-768x369.png 768w, https:\/\/baywatch.bar\/badhonnef\/wp-content\/uploads\/2021\/05\/Logo_weiss.png 1326w\" sizes=\"(max-width: 1024px) 100vw, 1024px\" \/><\/figure><\/div>\n\n\n\n<p class=\"has-text-align-center has-nv-text-dark-bg-color has-text-color\" style=\"font-size:24px\">Deine Bar in Bad Honnef &#8211; alles, was du in Bad Honnef brauchst, ob Sportsbar, Lounge Bar oder Caf\u00e9, f\u00fcr dich und deine Freunde das Beste!<\/p>\n\n\n\n<div class=\"wp-block-buttons is-content-justification-center\"><\/div>\n<\/div>\n<\/div><\/div>\n\n\n\n<section id=\"wp-block-themeisle-blocks-advanced-columns-150002a9\" class=\"wp-block-themeisle-blocks-advanced-columns alignfull has-3-columns has-desktop-equal-layout has-tablet-equal-layout has-mobile-collapsedRows-layout has-vertical-unset has-vertical-undefined\"><div class=\"wp-block-themeisle-blocks-advanced-columns-overlay\"><\/div><div class=\"innerblocks-wrap\">\n<div id=\"wp-block-themeisle-blocks-advanced-column-0a67918a\" class=\"wp-block-themeisle-blocks-advanced-column\">\n<div class=\"wp-block-buttons is-content-justification-center\">\n<div class=\"wp-block-button is-style-primary\"><a class=\"wp-block-button__link\" href=\"https:\/\/baywatch.bar\/badhonnef\/galerie\/\">Galerie<\/a><\/div>\n<\/div>\n<\/div>\n\n\n\n<div id=\"wp-block-themeisle-blocks-advanced-column-fb2699c4\" class=\"wp-block-themeisle-blocks-advanced-column\">\n<div class=\"wp-block-buttons is-content-justification-center\">\n<div class=\"wp-block-button is-style-primary\"><a class=\"wp-block-button__link\" href=\"\/badhonnef\/menukarte.pdf\">Karte<\/a><\/div>\n<\/div>\n<\/div>\n\n\n\n<div id=\"wp-block-themeisle-blocks-advanced-column-b94b2760\" class=\"wp-block-themeisle-blocks-advanced-column\">\n<div class=\"wp-block-buttons is-content-justification-center\">\n<div class=\"wp-block-button is-style-primary\"><a class=\"wp-block-button__link\" href=\"https:\/\/baywatch.bar\/badhonnef\/reservieren-baywatch-badhonnef\/\">Reservieren<\/a><\/div>\n<\/div>\n<\/div>\n<\/div><\/section>\n\n\n\n\n\n<div id=\"wp-block-themeisle-blocks-advanced-columns-8b750b24\" class=\"wp-block-themeisle-blocks-advanced-columns has-1-columns has-desktop-equal-layout has-tablet-equal-layout has-mobile-equal-layout has-vertical-unset\"><div class=\"wp-block-themeisle-blocks-advanced-columns-overlay\"><\/div><div class=\"innerblocks-wrap\">\n<div id=\"wp-block-themeisle-blocks-advanced-column-d8653bd2\" class=\"wp-block-themeisle-blocks-advanced-column\">\n<div id=\"wp-block-themeisle-blocks-advanced-columns-e25b4786\" class=\"wp-block-themeisle-blocks-advanced-columns has-1-columns has-desktop-equal-layout has-tablet-equal-layout has-mobile-equal-layout has-vertical-unset has-default-gap\"><div class=\"wp-block-themeisle-blocks-advanced-columns-overlay\"><\/div><div class=\"innerblocks-wrap\">\n<div id=\"wp-block-themeisle-blocks-advanced-column-3c681679\" class=\"wp-block-themeisle-blocks-advanced-column\">\n<h2 class=\"has-text-align-center has-nv-site-bg-color has-text-color\">\u00dcber Uns<\/h2>\n\n\n\n<p class=\"has-text-align-center has-nv-site-bg-color has-text-color\">Das Bay Watch ist nicht nur die bekannteste Bar in Bad Honnef, sondern auch die mit der Besten Unterhaltung! <br>Dein Abend mit Freunden ist hier bei einer vielf\u00e4ltigen Getr\u00e4nkeauswahl gesichert, dazu Live-Fu\u00dfball\u00fcbertragungen oder Dart &amp; Billiard, hier findest du alles, was du und deine Freunde wollen!<\/p>\n<\/div>\n<\/div><\/div>\n\n\n\n<div class=\"wp-block-buttons is-content-justification-center\">\n<div class=\"wp-block-button is-style-primary\"><a class=\"wp-block-button__link\" href=\"https:\/\/baywatch.bar\/badhonnef\/uber-baywatch-badhonnef\/\">Mehr<\/a><\/div>\n<\/div>\n<\/div>\n<\/div><\/div>\n\n\n\n<div id=\"wp-block-themeisle-blocks-advanced-columns-869a5180\" class=\"wp-block-themeisle-blocks-advanced-columns has-3-columns has-desktop-equal-layout has-tablet-equal-layout has-mobile-collapsedRows-layout has-vertical-unset\"><div class=\"wp-block-themeisle-blocks-advanced-columns-overlay\"><\/div><div class=\"innerblocks-wrap\">\n<div id=\"wp-block-themeisle-blocks-advanced-column-978b9977\" class=\"wp-block-themeisle-blocks-advanced-column\">\n<div id=\"wp-block-themeisle-blocks-icon-list-32754a6e\" class=\"wp-block-themeisle-blocks-icon-list\">\n<div id=\"wp-block-themeisle-blocks-icon-list-item-e91a49ec\" class=\"wp-block-themeisle-blocks-icon-list-item\"><i class=\"fas fa-phone-alt wp-block-themeisle-blocks-icon-list-item-icon\"><\/i><p class=\"wp-block-themeisle-blocks-icon-list-item-content\"><\/p><\/div>\n<\/div>\n\n\n\n<h2>Ruf uns an<\/h2>\n\n\n\n<p>02224 9764808<\/p>\n<\/div>\n\n\n\n<div id=\"wp-block-themeisle-blocks-advanced-column-60cd2867\" class=\"wp-block-themeisle-blocks-advanced-column\">\n<div id=\"wp-block-themeisle-blocks-icon-list-31f96f93\" class=\"wp-block-themeisle-blocks-icon-list\">\n<div id=\"wp-block-themeisle-blocks-icon-list-item-b90a9ceb\" class=\"wp-block-themeisle-blocks-icon-list-item\"><i class=\"fas fa-map-marker-alt wp-block-themeisle-blocks-icon-list-item-icon-custom\"><\/i><p class=\"wp-block-themeisle-blocks-icon-list-item-content\"><\/p><\/div>\n<\/div>\n\n\n\n<h2>Besuche uns<\/h2>\n\n\n\n<p>Austra\u00dfe 5<br>53604 Bad Honnef<\/p>\n<\/div>\n\n\n\n<div id=\"wp-block-themeisle-blocks-advanced-column-0121654c\" class=\"wp-block-themeisle-blocks-advanced-column\">\n<div id=\"wp-block-themeisle-blocks-advanced-columns-f1888dd5\" class=\"wp-block-themeisle-blocks-advanced-columns has-1-columns has-desktop-equal-layout has-tablet-equal-layout has-mobile-equal-layout has-vertical-unset\"><div class=\"wp-block-themeisle-blocks-advanced-columns-overlay\"><\/div><div class=\"innerblocks-wrap\">\n<div id=\"wp-block-themeisle-blocks-advanced-column-81ea086b\" class=\"wp-block-themeisle-blocks-advanced-column\">\n<h2 class=\"has-text-align-center\">Jetzt reservieren<\/h2>\n\n\n\n<p class=\"has-text-align-center\">Reserviere online und erhalte eine Best\u00e4tigung per Mail<\/p>\n\n\n\n<div class=\"wp-block-buttons is-content-justification-center\">\n<div class=\"wp-block-button is-style-primary\"><a class=\"wp-block-button__link\" href=\"https:\/\/baywatch.bar\/badhonnef\/reservieren-baywatch-badhonnef\/\">Mehr<\/a><\/div>\n<\/div>\n<\/div>\n<\/div><\/div>\n<\/div>\n<\/div><\/div>\n\n\n\n<div id=\"wp-block-themeisle-blocks-advanced-columns-a4ad5a2f\" class=\"wp-block-themeisle-blocks-advanced-columns alignfull has-1-columns has-desktop-equal-layout has-tablet-equal-layout has-mobile-equal-layout has-vertical-unset\"><div class=\"wp-block-themeisle-blocks-advanced-columns-overlay\"><\/div><div class=\"innerblocks-wrap\">\n<div id=\"wp-block-themeisle-blocks-advanced-column-586a0894\" class=\"wp-block-themeisle-blocks-advanced-column\">\n<div id=\"wp-block-themeisle-blocks-button-group-95b325f0\" class=\"wp-block-themeisle-blocks-button-group wp-block-buttons align-center\">\n<div id=\"wp-block-themeisle-blocks-button-128656e1\" class=\"wp-block-themeisle-blocks-button wp-block-button\"><a href=\"\" target=\"_self\" rel=\"noopener noreferrer\" class=\"wp-block-button__link\"><i class=\"fas fa-fw fa-star\"><\/i><\/a><\/div>\n\n\n\n<div id=\"wp-block-themeisle-blocks-button-2420242f\" class=\"wp-block-themeisle-blocks-button wp-block-button\"><a href=\"\" target=\"_self\" rel=\"noopener noreferrer\" class=\"wp-block-button__link\"><i class=\"fas fa-fw fa-star\"><\/i><\/a><\/div>\n\n\n\n<div id=\"wp-block-themeisle-blocks-button-dfb44087\" class=\"wp-block-themeisle-blocks-button wp-block-button\"><a href=\"\" target=\"_self\" rel=\"noopener noreferrer\" class=\"wp-block-button__link\"><i class=\"fas fa-fw fa-star\"><\/i><\/a><\/div>\n\n\n\n<div id=\"wp-block-themeisle-blocks-button-577bc99f\" class=\"wp-block-themeisle-blocks-button wp-block-button\"><a href=\"\" target=\"_self\" rel=\"noopener noreferrer\" class=\"wp-block-button__link\"><i class=\"fas fa-fw fa-star\"><\/i><\/a><\/div>\n\n\n\n<div id=\"wp-block-themeisle-blocks-button-e274ed98\" class=\"wp-block-themeisle-blocks-button wp-block-button\"><a href=\"\" target=\"_self\" rel=\"noopener noreferrer\" class=\"wp-block-button__link\"><i class=\"fas fa-fw fa-star\"><\/i><\/a><\/div>\n<\/div>\n\n\n\n<p class=\"has-text-align-center has-nv-site-bg-color has-text-color has-medium-font-size\">&#8222;Billardtische usw waren gut. Theke mit TV hat mir auch sehr gefallen.<br>Falls es dort essen gibt, kann ich das nicht beurteilen, da wir nur ?<br>und Darts gespielt haben. Nette Location.&#8220;<\/p>\n\n\n\n<div class=\"wp-block-image is-style-circle-mask\"><figure class=\"aligncenter size-large\"><img loading=\"lazy\" width=\"40\" height=\"40\" src=\"https:\/\/baywatch.bar\/badhonnef\/wp-content\/uploads\/2021\/05\/dannenberg-1.png\" alt=\"\" class=\"wp-image-494\"\/><\/figure><\/div>\n\n\n\n<h2 id=\"wp-block-themeisle-blocks-advanced-heading-00b8039f\" class=\"wp-block-themeisle-blocks-advanced-heading wp-block-themeisle-blocks-advanced-heading-00b8039f\"> <strong>Joachim Dannenberg<\/strong> <\/h2>\n<\/div>\n<\/div><\/div>\n\n\n\n<div id=\"wp-block-themeisle-blocks-advanced-columns-73881adc\" class=\"wp-block-themeisle-blocks-advanced-columns alignfull has-1-columns has-desktop-equal-layout has-tablet-equal-layout has-mobile-equal-layout has-vertical-unset\"><div class=\"wp-block-themeisle-blocks-advanced-columns-overlay\"><\/div><div class=\"innerblocks-wrap\">\n<div id=\"wp-block-themeisle-blocks-advanced-column-c224c68d\" class=\"wp-block-themeisle-blocks-advanced-column\">\n<h2 class=\"has-text-align-center\">Folge uns f\u00fcr besondere Angebote! <\/h2>\n\n\n\n<p class=\"has-text-align-center\" style=\"font-size:17px\"> Werde \u00fcber unsere Angebote via Social Media informiert<\/p>\n\n\n\n<ul class=\"wp-block-social-links has-icon-color has-icon-background-color items-justified-center\"><li style=\"color: var(--nv-primary-accent); background-color: var(--nv-light-bg); \" class=\"wp-social-link wp-social-link-google wp-block-social-link\"><a href=\"https:\/\/g.page\/baywatch-badhonnef?share\" aria-label=\"Google: https:\/\/g.page\/baywatch-badhonnef?share\"  class=\"wp-block-social-link-anchor\"> <svg width=\"24\" height=\"24\" viewBox=\"0 0 24 24\" version=\"1.1\" xmlns=\"http:\/\/www.w3.org\/2000\/svg\" role=\"img\" aria-hidden=\"true\" focusable=\"false\"><path d=\"M12.02,10.18v3.72v0.01h5.51c-0.26,1.57-1.67,4.22-5.5,4.22c-3.31,0-6.01-2.75-6.01-6.12s2.7-6.12,6.01-6.12 c1.87,0,3.13,0.8,3.85,1.48l2.84-2.76C16.99,2.99,14.73,2,12.03,2c-5.52,0-10,4.48-10,10s4.48,10,10,10c5.77,0,9.6-4.06,9.6-9.77 c0-0.83-0.11-1.42-0.25-2.05H12.02z\"><\/path><\/svg><\/a><\/li>\n\n<li style=\"color: var(--nv-primary-accent); background-color: var(--nv-light-bg); \" class=\"wp-social-link wp-social-link-instagram wp-block-social-link\"><a href=\"https:\/\/www.instagram.com\/baywatch_badhonnef\/\" aria-label=\"Instagram: https:\/\/www.instagram.com\/baywatch_badhonnef\/\"  class=\"wp-block-social-link-anchor\"> <svg width=\"24\" height=\"24\" viewBox=\"0 0 24 24\" version=\"1.1\" xmlns=\"http:\/\/www.w3.org\/2000\/svg\" role=\"img\" aria-hidden=\"true\" focusable=\"false\"><path d=\"M12,4.622c2.403,0,2.688,0.009,3.637,0.052c0.877,0.04,1.354,0.187,1.671,0.31c0.42,0.163,0.72,0.358,1.035,0.673 c0.315,0.315,0.51,0.615,0.673,1.035c0.123,0.317,0.27,0.794,0.31,1.671c0.043,0.949,0.052,1.234,0.052,3.637 s-0.009,2.688-0.052,3.637c-0.04,0.877-0.187,1.354-0.31,1.671c-0.163,0.42-0.358,0.72-0.673,1.035 c-0.315,0.315-0.615,0.51-1.035,0.673c-0.317,0.123-0.794,0.27-1.671,0.31c-0.949,0.043-1.233,0.052-3.637,0.052 s-2.688-0.009-3.637-0.052c-0.877-0.04-1.354-0.187-1.671-0.31c-0.42-0.163-0.72-0.358-1.035-0.673 c-0.315-0.315-0.51-0.615-0.673-1.035c-0.123-0.317-0.27-0.794-0.31-1.671C4.631,14.688,4.622,14.403,4.622,12 s0.009-2.688,0.052-3.637c0.04-0.877,0.187-1.354,0.31-1.671c0.163-0.42,0.358-0.72,0.673-1.035 c0.315-0.315,0.615-0.51,1.035-0.673c0.317-0.123,0.794-0.27,1.671-0.31C9.312,4.631,9.597,4.622,12,4.622 M12,3 C9.556,3,9.249,3.01,8.289,3.054C7.331,3.098,6.677,3.25,6.105,3.472C5.513,3.702,5.011,4.01,4.511,4.511 c-0.5,0.5-0.808,1.002-1.038,1.594C3.25,6.677,3.098,7.331,3.054,8.289C3.01,9.249,3,9.556,3,12c0,2.444,0.01,2.751,0.054,3.711 c0.044,0.958,0.196,1.612,0.418,2.185c0.23,0.592,0.538,1.094,1.038,1.594c0.5,0.5,1.002,0.808,1.594,1.038 c0.572,0.222,1.227,0.375,2.185,0.418C9.249,20.99,9.556,21,12,21s2.751-0.01,3.711-0.054c0.958-0.044,1.612-0.196,2.185-0.418 c0.592-0.23,1.094-0.538,1.594-1.038c0.5-0.5,0.808-1.002,1.038-1.594c0.222-0.572,0.375-1.227,0.418-2.185 C20.99,14.751,21,14.444,21,12s-0.01-2.751-0.054-3.711c-0.044-0.958-0.196-1.612-0.418-2.185c-0.23-0.592-0.538-1.094-1.038-1.594 c-0.5-0.5-1.002-0.808-1.594-1.038c-0.572-0.222-1.227-0.375-2.185-0.418C14.751,3.01,14.444,3,12,3L12,3z M12,7.378 c-2.552,0-4.622,2.069-4.622,4.622S9.448,16.622,12,16.622s4.622-2.069,4.622-4.622S14.552,7.378,12,7.378z M12,15 c-1.657,0-3-1.343-3-3s1.343-3,3-3s3,1.343,3,3S13.657,15,12,15z M16.804,6.116c-0.596,0-1.08,0.484-1.08,1.08 s0.484,1.08,1.08,1.08c0.596,0,1.08-0.484,1.08-1.08S17.401,6.116,16.804,6.116z\"><\/path><\/svg><\/a><\/li>\n\n<li style=\"color: var(--nv-primary-accent); background-color: var(--nv-light-bg); \" class=\"wp-social-link wp-social-link-facebook wp-block-social-link\"><a href=\"https:\/\/www.facebook.com\/baywatch.badhonnef\" aria-label=\"Facebook: https:\/\/www.facebook.com\/baywatch.badhonnef\"  class=\"wp-block-social-link-anchor\"> <svg width=\"24\" height=\"24\" viewBox=\"0 0 24 24\" version=\"1.1\" xmlns=\"http:\/\/www.w3.org\/2000\/svg\" role=\"img\" aria-hidden=\"true\" focusable=\"false\"><path d=\"M12 2C6.5 2 2 6.5 2 12c0 5 3.7 9.1 8.4 9.9v-7H7.9V12h2.5V9.8c0-2.5 1.5-3.9 3.8-3.9 1.1 0 2.2.2 2.2.2v2.5h-1.3c-1.2 0-1.6.8-1.6 1.6V12h2.8l-.4 2.9h-2.3v7C18.3 21.1 22 17 22 12c0-5.5-4.5-10-10-10z\"><\/path><\/svg><\/a><\/li><\/ul>\n\n\n\n<p><\/p>\n<\/div>\n<\/div><\/div>\n\n\n\n<style type=\"text\/css\">\n.responsive_map {\nheight: 400px;\noverflow: hidden;\nposition: relative;\n}\n\n.responsive_map iframe {\nheight: 100%;\nleft: 0;\nposition: absolute;\ntop: 0;\nwidth: 100%;\n}\n<\/style>\n<div class=\"responsive_map\"><iframe src=\"https:\/\/www.google.com\/maps\/embed?pb=!1m14!1m8!1m3!1d10120.512431905961!2d7.2227772!3d50.6433119!3m2!1i1024!2i768!4f13.1!3m3!1m2!1s0x0%3A0xc8c54b3ff9e50ec7!2sBaywatch!5e0!3m2!1sde!2sde!4v1620050396484!5m2!1sde!2sde\" width=\"600\" height=\"350\" style=\"border:0;\" allowfullscreen=\"\" loading=\"lazy\"><\/iframe><\/div>\n\n\n\n<style type=\"text\/css\">\n.wpcf7-form textarea, .wpcf7-form label, .wpcf7-form input { \nwidth: 100%;\n\n}\n.some-page-wrapper {\n  margin: 15px;\n}\n\n.wpcf7 .row {\n  display: flex;\n  flex-direction: row;\n  width: 100%;\nmargin: 0 !important;\n}\n\n.column {\n  display: flex;\n  flex-direction: column;\n  flex-basis: 500px !important;\n  flex: 1;\nwidth: 50%;\npadding: 0 15px;\n}\n\n.double-column {\n  display: flex;\n  flex-direction: column;\n  flex-basis: 100%;\n  flex: 2;\n}\n\n\n\n\n\n.page-id-418 .nv-content-wrap.entry-content {\nwidth: 100%;\n}\n\n.page-id-793 .container-fluid.single-page-container {\nbackground: url('https:\/\/baywatch.bar\/badhonnef\/wp-content\/uploads\/2021\/11\/menu-hintergrund-scaled.jpg');\nbackground-repeat: no-repeat;\nbackground-attachment: fixed;\nbackground-size: cover;\ncolor: #fff !important;\npadding: 0 15px;\n}\n\n.page-id-793 .container-fluid.single-page-container .has-neve-link-color-color {\ncolor: #fff !important;\n}\n.page-id-793 .container-fluid.single-page-container h1, .container-fluid.single-page-container h3, .container-fluid.single-page-container h4 {\ncolor: #fff !important;\nmargin: 0 !important;\n}\n.page-id-793 h2.has-huge-font-size {\ntext-decoration: underline 2px solid;\ntext-underline-offset: 4px;\nmargin-bottom: 20px;\n}\n.page-id-793 h3 {\nmargin: 0 !important;\nline-height: 1;\n}\n.page-id-793 .container-fluid.single-page-container p{\nmargin: 0 !important;\n}\n\n.container.single-page-container .wp-block-columns {\nmargin-bottom: 0.5em !important;}\n.baywatch-link-footer a {\ncolor: #fff;\ntext-decoration: none !important;\n}\n.baywatch-link-footer a:hover {\ncolor: #fff;\ntext-decoration: underline !important;\n}\n\n.pink-box {\nbackground: #e5007d;\nwidth: 250px;\nmax-width: 90%;\npadding: 15px;\nmargin: 20px auto;\n}\n\n@media (min-width: 960px) {\n.page-id-793 #content.neve-main > .container-fluid > .row > .col {\nmax-width: 700px !important;\nwidth: 100% !important;\n}\n}\n\n@media (max-width: 781px) {\n.page-id-793 .container-fluid.single-page-container .wp-block-columns.no-break-mobile .wp-block-column:first-child {\nflex-basis: 45% !important;}\n\n.page-id-793 .container-fluid.single-page-container .wp-block-columns.no-break-mobile .wp-block-column {\nflex-basis: 20% !important;\n}\n}\n.softdrinks {\nbackground: url('https:\/\/baywatch.bar\/badhonnef\/wp-content\/uploads\/2021\/11\/Element-7@4x-v2-1.png');\nbackground-repeat: no-repeat;\nbackground-attachment: scroll;\nbackground-position: center right;\nbackground-size: auto;\n}\n.juice {\nbackground: url('https:\/\/baywatch.bar\/badhonnef\/wp-content\/uploads\/2021\/11\/Element-7@4x-1.png');\nbackground-repeat: no-repeat;\nbackground-attachment: scroll;\nbackground-position: center left;\nbackground-size: contain;\n}\n.beer {\nbackground: url('https:\/\/baywatch.bar\/badhonnef\/wp-content\/uploads\/2021\/11\/Ebene-1@4x-1.png');\nbackground-repeat: no-repeat;\nbackground-attachment: scroll;\nbackground-position: center left;\nbackground-size: auto;\n}\n.cocktails {\nbackground: url('https:\/\/baywatch.bar\/badhonnef\/wp-content\/uploads\/2021\/11\/Element-4@4x-1.png');\nbackground-repeat: no-repeat;\nbackground-attachment: scroll;\nbackground-position: center right;\nbackground-size: contain;\n}\n.cocktails-second {\nbackground: url('https:\/\/baywatch.bar\/badhonnef\/wp-content\/uploads\/2021\/11\/Element-5@4x-1.png');\nbackground-repeat: no-repeat;\nbackground-attachment: scroll;\nbackground-position: center right;\nbackground-size: contain;\n}\n\n.longdrinks {\nbackground: url('https:\/\/baywatch.bar\/badhonnef\/wp-content\/uploads\/2021\/11\/Element-7@4x-1.png');\nbackground-repeat: no-repeat;\nbackground-attachment: scroll;\nbackground-position: center right;\nbackground-size: contain;\n}\n.shots {\nbackground: url('https:\/\/baywatch.bar\/badhonnef\/wp-content\/uploads\/2021\/11\/Element-8@4x.png');\nbackground-repeat: no-repeat;\nbackground-attachment: scroll;\nbackground-position: center right;\nbackground-size: contain;\n}\n.wine {\nbackground: url('https:\/\/baywatch.bar\/badhonnef\/wp-content\/uploads\/2021\/11\/Element-9@4x.png');\nbackground-repeat: no-repeat;\nbackground-attachment: scroll;\nbackground-position: center right;\nbackground-size: contain;\n}\n.warm-drinks {\nbackground: url('https:\/\/baywatch.bar\/badhonnef\/wp-content\/uploads\/2021\/11\/Element-1@4x-1.png');\nbackground-repeat: no-repeat;\nbackground-attachment: scroll;\nbackground-position: center right;\nbackground-size: contain;\n}\n\n<\/style>\n\n\n\n<div id=\"wp-block-themeisle-blocks-advanced-columns-aa00c556\" class=\"wp-block-themeisle-blocks-advanced-columns alignfull has-3-columns has-desktop-equal-layout has-tablet-equal-layout has-mobile-collapsedRows-layout has-vertical-unset\"><div class=\"wp-block-themeisle-blocks-advanced-columns-overlay\"><\/div><div class=\"innerblocks-wrap\">\n<div id=\"wp-block-themeisle-blocks-advanced-column-fded0539\" class=\"wp-block-themeisle-blocks-advanced-column\">\n<h3 class=\"has-nv-text-dark-bg-color has-text-color\"><strong> \u00dcber Uns <\/strong><\/h3>\n\n\n\n<p class=\"has-nv-text-dark-bg-color has-text-color has-medium-font-size\">Bay Watch ist deine Adresse in Bad Honnef und Umgebung f\u00fcr einen Abend mit guten Drinks und perfekter Unterhaltung. Komm vorbei oder reserviere f\u00fcr einen Abend mit deinen Freunden!<\/p>\n<\/div>\n\n\n\n<div id=\"wp-block-themeisle-blocks-advanced-column-8f3f50b7\" class=\"wp-block-themeisle-blocks-advanced-column ticss-109d2528 baywatch-link-footer\">\n<h3 class=\"has-nv-text-dark-bg-color has-text-color\"><strong>Links<\/strong><\/h3>\n\n\n\n<p class=\"has-neve-link-color-color has-text-color has-medium-font-size\"><a href=\"https:\/\/baywatch.bar\/badhonnef\/menukarte.pdf\" data-type=\"URL\" data-id=\"https:\/\/baywatch.bar\/badhonnef\/menukarte.pdf\">Men\u00fc<\/a><\/p>\n\n\n\n<p class=\"has-neve-link-color-color has-text-color has-medium-font-size\"><a href=\"https:\/\/baywatch.bar\/badhonnef\/uber-baywatch-badhonnef\/\" data-type=\"page\" data-id=\"255\">Unsere Bar<\/a> <\/p>\n\n\n\n<p class=\"has-neve-link-color-color has-text-color has-medium-font-size\"><a href=\"https:\/\/baywatch.bar\/badhonnef\/reservieren-baywatch-badhonnef\/\" data-type=\"page\" data-id=\"226\">Reservieren <\/a><\/p>\n\n\n\n<p class=\"has-neve-link-color-color has-text-color has-medium-font-size\"><a href=\"https:\/\/baywatch.bar\/badhonnef\/datenschutzerklaerung\/\" data-type=\"page\" data-id=\"3\">Datenschutz<\/a><\/p>\n\n\n\n<p class=\"has-neve-link-color-color has-text-color has-medium-font-size\"><a href=\"https:\/\/baywatch.bar\/badhonnef\/impressum\/\" data-type=\"page\" data-id=\"497\">Impressum<\/a><\/p>\n<\/div>\n\n\n\n<div id=\"wp-block-themeisle-blocks-advanced-column-da310243\" class=\"wp-block-themeisle-blocks-advanced-column baywatch-link-footer\">\n<h3 class=\"has-nv-text-dark-bg-color has-text-color\"> <strong>Social<\/strong> <\/h3>\n\n\n\n<p class=\"has-neve-link-color-color has-text-color has-medium-font-size\"><a href=\"https:\/\/www.facebook.com\/baywatch.badhonnef\" data-type=\"URL\" data-id=\"https:\/\/www.facebook.com\/baywatch.badhonnef\">Facebook<\/a><\/p>\n\n\n\n<p class=\"has-neve-link-color-color has-text-color has-medium-font-size\"><a href=\"https:\/\/www.instagram.com\/baywatch_badhonnef\/\" data-type=\"URL\" data-id=\"https:\/\/www.instagram.com\/baywatch_badhonnef\/\">Instagram<\/a><\/p>\n\n\n\n<p class=\"has-neve-link-color-color has-text-color has-medium-font-size\"><a href=\"https:\/\/g.page\/baywatch-badhonnef?share\" data-type=\"URL\" data-id=\"https:\/\/g.page\/baywatch-badhonnef?share\">Google<\/a><\/p>\n\n\n\n<p class=\"has-neve-link-color-color has-text-color has-medium-font-size\"><a href=\"mailto:baywatch.badhonnef@gmx.de\" data-type=\"mailto\" data-id=\"mailto:baywatch.badhonnef@gmx.de\">Mail<\/a><\/p>\n<\/div>\n<\/div><\/div>\n\n\n\n<p><\/p>\n\n\n\n<p><\/p>\n","protected":false},"excerpt":{"rendered":"","protected":false},"author":1,"featured_media":0,"parent":0,"menu_order":0,"comment_status":"closed","ping_status":"closed","template":"page-templates\/template-pagebuilder-full-width.php","meta":{"neve_meta_sidebar":"full-width","neve_meta_container":"default","neve_meta_enable_content_width":"on","neve_meta_content_width":100,"neve_meta_title_alignment":"","neve_meta_author_avatar":"","neve_post_elements_order":"","neve_meta_disable_header":"","neve_meta_disable_footer":"","neve_meta_disable_title":"on","_themeisle_gutenberg_block_has_review":false,"_ti_tpc_template_sync":false,"_ti_tpc_template_id":""},"_links":{"self":[{"href":"https:\/\/baywatch.bar\/badhonnef\/wp-json\/wp\/v2\/pages\/418"}],"collection":[{"href":"https:\/\/baywatch.bar\/badhonnef\/wp-json\/wp\/v2\/pages"}],"about":[{"href":"https:\/\/baywatch.bar\/badhonnef\/wp-json\/wp\/v2\/types\/page"}],"author":[{"embeddable":true,"href":"https:\/\/baywatch.bar\/badhonnef\/wp-json\/wp\/v2\/users\/1"}],"replies":[{"embeddable":true,"href":"https:\/\/baywatch.bar\/badhonnef\/wp-json\/wp\/v2\/comments?post=418"}],"version-history":[{"count":40,"href":"https:\/\/baywatch.bar\/badhonnef\/wp-json\/wp\/v2\/pages\/418\/revisions"}],"predecessor-version":[{"id":899,"href":"https:\/\/baywatch.bar\/badhonnef\/wp-json\/wp\/v2\/pages\/418\/revisions\/899"}],"wp:attachment":[{"href":"https:\/\/baywatch.bar\/badhonnef\/wp-json\/wp\/v2\/media?parent=418"}],"curies":[{"name":"wp","href":"https:\/\/api.w.org\/{rel}","templated":true}]}}